{"id":754,"date":"2023-08-25T09:28:30","date_gmt":"2023-08-25T07:28:30","guid":{"rendered":"https:\/\/anastasia-cusin-psychologue.fr\/?page_id=754"},"modified":"2023-09-04T14:56:37","modified_gmt":"2023-09-04T12:56:37","slug":"psychologue","status":"publish","type":"page","link":"https:\/\/anastasia-cusin-psychologue.fr\/index.php\/psychologue\/","title":{"rendered":"Un psychologue, c&#8217;est quoi ?"},"content":{"rendered":"\t\t<div data-elementor-type=\"wp-page\" data-elementor-id=\"754\" class=\"elementor elementor-754\">\n\t\t\t\t\t\t\t\t\t<section class=\"elementor-section elementor-top-section elementor-element elementor-element-6750af1 elementor-section-full_width elementor-section-height-min-height elementor-section-items-stretch elementor-section-height-default\" data-id=\"6750af1\" data-element_type=\"section\">\n\t\t\t\t\t\t<div class=\"elementor-container elementor-column-gap-no\">\n\t\t\t\t\t<div class=\"elementor-column elementor-col-100 elementor-top-column elementor-element elementor-element-a9f04a0\" data-id=\"a9f04a0\" data-element_type=\"column\" data-settings=\"{&quot;background_background&quot;:&quot;classic&quot;}\">\n\t\t\t<div class=\"elementor-widget-wrap elementor-element-populated\">\n\t\t\t\t\t<div class=\"elementor-background-overlay\"><\/div>\n\t\t\t\t\t\t\t\t\t<\/div>\n\t\t<\/div>\n\t\t\t\t\t\t\t<\/div>\n\t\t<\/section>\n\t\t\t\t<section class=\"elementor-section elementor-top-section elementor-element elementor-element-9e3bd4a elementor-section-boxed elementor-section-height-default elementor-section-height-default\" data-id=\"9e3bd4a\" data-element_type=\"section\">\n\t\t\t\t\t\t<div class=\"elementor-container elementor-column-gap-default\">\n\t\t\t\t\t<div class=\"elementor-column elementor-col-100 elementor-top-column elementor-element elementor-element-7b368b7\" data-id=\"7b368b7\" data-element_type=\"column\">\n\t\t\t<div class=\"elementor-widget-wrap elementor-element-populated\">\n\t\t\t\t\t\t\t\t<div class=\"elementor-element elementor-element-775bd14 elementor-widget elementor-widget-text-editor\" data-id=\"775bd14\" data-element_type=\"widget\" data-widget_type=\"text-editor.default\">\n\t\t\t\t<div class=\"elementor-widget-container\">\n\t\t\t<style>\/*! elementor - v3.17.0 - 01-11-2023 *\/\n.elementor-widget-text-editor.elementor-drop-cap-view-stacked .elementor-drop-cap{background-color:#69727d;color:#fff}.elementor-widget-text-editor.elementor-drop-cap-view-framed .elementor-drop-cap{color:#69727d;border:3px solid;background-color:transparent}.elementor-widget-text-editor:not(.elementor-drop-cap-view-default) .elementor-drop-cap{margin-top:8px}.elementor-widget-text-editor:not(.elementor-drop-cap-view-default) .elementor-drop-cap-letter{width:1em;height:1em}.elementor-widget-text-editor .elementor-drop-cap{float:left;text-align:center;line-height:1;font-size:50px}.elementor-widget-text-editor .elementor-drop-cap-letter{display:inline-block}<\/style>\t\t\t\t<h6 style=\"text-align: left;\"><span style=\"color: #cc7d56;\">Un psychologue, c&#8217;est quoi ?<br \/><\/span><\/h6><p style=\"text-align: justify;\"><span style=\"color: #000000;\">La pratique du psychologue est r\u00e9glement\u00e9e par le <strong>code de d\u00e9ontologie<\/strong> des psychologues qui d\u00e9finit les droits et les devoirs du psychologue. <br \/><br \/>R\u00e9guli\u00e8rement r\u00e9actualis\u00e9, il reste susceptible d\u2019\u00e9voluer avec les modifications politiques ou la transformation des pratiques. <\/span><span style=\"color: #000000;\">Il r\u00e9affirme n\u00e9anmoins que chaque psychologue a suivi une formation de <strong>5 ann\u00e9es d\u2019enseignement universitaire en psychologie<\/strong> dont le grade est prot\u00e9g\u00e9 par l\u2019obtention du titre. Les sp\u00e9cialisations sont aussi diverses que les styles, aussi <strong>chaque psychologue construit sa pratique<\/strong> selon les orientations qui sont les siennes et les formes qu\u2019il souhaite lui donner.<\/span><\/p><p style=\"text-align: justify;\"><span style=\"color: #000000;\">La pratique clinique s\u2019appuie n\u00e9cessairement sur une \u00e9thique, celle du <strong>respect<\/strong> des personnes que nous rencontrons, de l\u2019<strong>attention particuli\u00e8re<\/strong> accord\u00e9e au sujet et de l\u2019importance de la <strong>confidentialit\u00e9<\/strong> dans ce contexte.<\/span><\/p><p>\u00a0<\/p>\t\t\t\t\t\t<\/div>\n\t\t\t\t<\/div>\n\t\t\t\t\t<\/div>\n\t\t<\/div>\n\t\t\t\t\t\t\t<\/div>\n\t\t<\/section>\n\t\t\t\t<section class=\"elementor-section elementor-top-section elementor-element elementor-element-50f3013 elementor-section-boxed elementor-section-height-default elementor-section-height-default\" data-id=\"50f3013\" data-element_type=\"section\">\n\t\t\t\t\t\t<div class=\"elementor-container elementor-column-gap-default\">\n\t\t\t\t\t<div class=\"elementor-column elementor-col-100 elementor-top-column elementor-element elementor-element-b6b5617\" data-id=\"b6b5617\" data-element_type=\"column\">\n\t\t\t<div class=\"elementor-widget-wrap elementor-element-populated\">\n\t\t\t\t\t\t\t\t<div class=\"elementor-element elementor-element-e75fc31 elementor-widget elementor-widget-text-editor\" data-id=\"e75fc31\" data-element_type=\"widget\" data-widget_type=\"text-editor.default\">\n\t\t\t\t<div class=\"elementor-widget-container\">\n\t\t\t\t\t\t\t<h5 style=\"text-align: center;\"><a href=\"https:\/\/anastasia-cusin-psychologue.fr\/\">RETOUR A L&#8217;ACCUEIL<\/a><\/h5>\t\t\t\t\t\t<\/div>\n\t\t\t\t<\/div>\n\t\t\t\t\t<\/div>\n\t\t<\/div>\n\t\t\t\t\t\t\t<\/div>\n\t\t<\/section>\n\t\t\t\t<section class=\"elementor-section elementor-top-section elementor-element elementor-element-c60d195 elementor-section-boxed elementor-section-height-default elementor-section-height-default\" data-id=\"c60d195\" data-element_type=\"section\">\n\t\t\t\t\t\t<div class=\"elementor-container elementor-column-gap-default\">\n\t\t\t\t\t<div class=\"elementor-column elementor-col-100 elementor-top-column elementor-element elementor-element-b4d7110\" data-id=\"b4d7110\" data-element_type=\"column\">\n\t\t\t<div class=\"elementor-widget-wrap\">\n\t\t\t\t\t\t\t\t\t<\/div>\n\t\t<\/div>\n\t\t\t\t\t\t\t<\/div>\n\t\t<\/section>\n\t\t\t\t\t\t\t<\/div>\n\t\t","protected":false},"excerpt":{"rendered":"<p>Un psychologue, c&#8217;est quoi ? La pratique du psychologue est r\u00e9glement\u00e9e par le code de d\u00e9ontologie des psychologues qui d\u00e9finit les droits et les devoirs du psychologue. R\u00e9guli\u00e8rement r\u00e9actualis\u00e9, il reste susceptible d\u2019\u00e9voluer avec les modifications politiques ou la transformation des pratiques. Il r\u00e9affirme n\u00e9anmoins que chaque psychologue a suivi une formation de 5 ann\u00e9es &hellip;<\/p>\n<p class=\"read-more\"> <a class=\"\" href=\"https:\/\/anastasia-cusin-psychologue.fr\/index.php\/psychologue\/\"> <span class=\"screen-reader-text\">Un psychologue, c&#8217;est quoi ?<\/span> Read More &raquo;<\/a><\/p>\n","protected":false},"author":1,"featured_media":0,"parent":0,"menu_order":0,"comment_status":"closed","ping_status":"closed","template":"","meta":{"site-sidebar-layout":"no-sidebar","site-content-layout":"page-builder","ast-site-content-layout":"","site-content-style":"default","site-sidebar-style":"default","ast-global-header-display":"","ast-banner-title-visibility":"","ast-main-header-display":"","ast-hfb-above-header-display":"","ast-hfb-below-header-display":"","ast-hfb-mobile-header-display":"","site-post-title":"disabled","ast-breadcrumbs-content":"","ast-featured-img":"disabled","footer-sml-layout":"","theme-transparent-header-meta":"enabled","adv-header-id-meta":"","stick-header-meta":"","header-above-stick-meta":"","header-main-stick-meta":"","header-below-stick-meta":"","astra-migrate-meta-layouts":"","footnotes":""},"class_list":["post-754","page","type-page","status-publish","hentry"],"_links":{"self":[{"href":"https:\/\/anastasia-cusin-psychologue.fr\/index.php\/wp-json\/wp\/v2\/pages\/754","targetHints":{"allow":["GET"]}}],"collection":[{"href":"https:\/\/anastasia-cusin-psychologue.fr\/index.php\/wp-json\/wp\/v2\/pages"}],"about":[{"href":"https:\/\/anastasia-cusin-psychologue.fr\/index.php\/wp-json\/wp\/v2\/types\/page"}],"author":[{"embeddable":true,"href":"https:\/\/anastasia-cusin-psychologue.fr\/index.php\/wp-json\/wp\/v2\/users\/1"}],"replies":[{"embeddable":true,"href":"https:\/\/anastasia-cusin-psychologue.fr\/index.php\/wp-json\/wp\/v2\/comments?post=754"}],"version-history":[{"count":25,"href":"https:\/\/anastasia-cusin-psychologue.fr\/index.php\/wp-json\/wp\/v2\/pages\/754\/revisions"}],"predecessor-version":[{"id":978,"href":"https:\/\/anastasia-cusin-psychologue.fr\/index.php\/wp-json\/wp\/v2\/pages\/754\/revisions\/978"}],"wp:attachment":[{"href":"https:\/\/anastasia-cusin-psychologue.fr\/index.php\/wp-json\/wp\/v2\/media?parent=754"}],"curies":[{"name":"wp","href":"https:\/\/api.w.org\/{rel}","templated":true}]}}