{"id":797,"date":"2023-08-25T09:51:36","date_gmt":"2023-08-25T07:51:36","guid":{"rendered":"https:\/\/anastasia-cusin-psychologue.fr\/?page_id=797"},"modified":"2023-09-04T14:54:07","modified_gmt":"2023-09-04T12:54:07","slug":"pratique","status":"publish","type":"page","link":"https:\/\/anastasia-cusin-psychologue.fr\/index.php\/pratique\/","title":{"rendered":"Ma pratique"},"content":{"rendered":"\t\t<div data-elementor-type=\"wp-page\" data-elementor-id=\"797\" class=\"elementor elementor-797\">\n\t\t\t\t\t\t\t\t\t<section class=\"elementor-section elementor-top-section elementor-element elementor-element-6750af1 elementor-section-full_width elementor-section-height-min-height elementor-section-items-stretch elementor-section-height-default\" data-id=\"6750af1\" data-element_type=\"section\">\n\t\t\t\t\t\t<div class=\"elementor-container elementor-column-gap-no\">\n\t\t\t\t\t<div class=\"elementor-column elementor-col-100 elementor-top-column elementor-element elementor-element-a9f04a0\" data-id=\"a9f04a0\" data-element_type=\"column\" data-settings=\"{&quot;background_background&quot;:&quot;classic&quot;}\">\n\t\t\t<div class=\"elementor-widget-wrap elementor-element-populated\">\n\t\t\t\t\t<div class=\"elementor-background-overlay\"><\/div>\n\t\t\t\t\t\t\t\t\t<\/div>\n\t\t<\/div>\n\t\t\t\t\t\t\t<\/div>\n\t\t<\/section>\n\t\t\t\t<section class=\"elementor-section elementor-top-section elementor-element elementor-element-9e3bd4a elementor-section-boxed elementor-section-height-default elementor-section-height-default\" data-id=\"9e3bd4a\" data-element_type=\"section\">\n\t\t\t\t\t\t<div class=\"elementor-container elementor-column-gap-default\">\n\t\t\t\t\t<div class=\"elementor-column elementor-col-100 elementor-top-column elementor-element elementor-element-7b368b7\" data-id=\"7b368b7\" data-element_type=\"column\">\n\t\t\t<div class=\"elementor-widget-wrap elementor-element-populated\">\n\t\t\t\t\t\t\t\t<div class=\"elementor-element elementor-element-775bd14 elementor-widget elementor-widget-text-editor\" data-id=\"775bd14\" data-element_type=\"widget\" data-widget_type=\"text-editor.default\">\n\t\t\t\t<div class=\"elementor-widget-container\">\n\t\t\t<style>\/*! elementor - v3.17.0 - 01-11-2023 *\/\n.elementor-widget-text-editor.elementor-drop-cap-view-stacked .elementor-drop-cap{background-color:#69727d;color:#fff}.elementor-widget-text-editor.elementor-drop-cap-view-framed .elementor-drop-cap{color:#69727d;border:3px solid;background-color:transparent}.elementor-widget-text-editor:not(.elementor-drop-cap-view-default) .elementor-drop-cap{margin-top:8px}.elementor-widget-text-editor:not(.elementor-drop-cap-view-default) .elementor-drop-cap-letter{width:1em;height:1em}.elementor-widget-text-editor .elementor-drop-cap{float:left;text-align:center;line-height:1;font-size:50px}.elementor-widget-text-editor .elementor-drop-cap-letter{display:inline-block}<\/style>\t\t\t\t<h6 style=\"text-align: left;\"><span style=\"color: #cc7d56;\">Ma pratique\n<\/span><\/h6>\n<p style=\"text-align: justify;\"><span style=\"color: #000000;\">L\u2019 exercice en cabinet lib\u00e9ral que je d\u00e9veloppe depuis 2016 s\u2019accompagne d\u2019un <strong>travail de formation continue<\/strong>, notamment \u00e0 travers mon int\u00e9r\u00eat pour la Psychoboxe ( encore appel\u00e9e Th\u00e9rapie frappante, d\u00e9velopp\u00e9e par Richard Helbrunn) et ma participation aux s\u00e9minaires de Litter . <\/span><span style=\"color: #000000;\">Ma pratique se soutient par ailleurs d\u2019un travail personnel d\u2019<strong>analyse<\/strong> et de <strong>supervision<\/strong>, mais aussi de l\u2019apport du <strong>th\u00e9\u00e2tre<\/strong> et des <strong>arts plastiques<\/strong>.<\/span><\/p>\n<p style=\"text-align: justify;\"><span style=\"color: #000000;\">A tout \u00e2ge, chaque parcours introspectif est une exp\u00e9rience en soi, pour soi. <\/span><\/p>\n<p style=\"text-align: justify;\"><span style=\"color: #000000;\">A mon cabinet, je re\u00e7ois essentiellement individuellement afin de garantir un temps pour soi. Le cabinet est un lieu pour accueillir une mise en sens par la parole, la possibilit\u00e9 aussi de s\u2019entendre dire dans un cadre bienveillant et sans jugement. <\/span><span style=\"color: #000000;\">Il s\u2019agit avant tout d\u2019un espace de questionnement , un lieu possible o\u00f9 dire ce que l\u2019on veut, ce que l\u2019on peut, comme \u00e7a vient.<\/span><\/p>\n<p style=\"text-align: justify;\"><span style=\"color: #000000;\">Comme il peut s\u2019agir d\u2019entretiens ponctuels autour d\u2019une question ou d\u2019un \u00e9v\u00e8nement particulier, d\u2019un travail d\u2019analyse de la pratique professionnelle ou encore d\u2019un travail th\u00e9rapeutique au long cours, nous conviendrons lors d\u2019une <strong>premi\u00e8re s\u00e9ance<\/strong> des modalit\u00e9s et de la fr\u00e9quence de nos rencontres.<\/span><\/p>\t\t\t\t\t\t<\/div>\n\t\t\t\t<\/div>\n\t\t\t\t\t<\/div>\n\t\t<\/div>\n\t\t\t\t\t\t\t<\/div>\n\t\t<\/section>\n\t\t\t\t<section class=\"elementor-section elementor-top-section elementor-element elementor-element-2a4cc58 elementor-section-boxed elementor-section-height-default elementor-section-height-default\" data-id=\"2a4cc58\" data-element_type=\"section\">\n\t\t\t\t\t\t<div class=\"elementor-container elementor-column-gap-default\">\n\t\t\t\t\t<div class=\"elementor-column elementor-col-100 elementor-top-column elementor-element elementor-element-5d152c0\" data-id=\"5d152c0\" data-element_type=\"column\">\n\t\t\t<div class=\"elementor-widget-wrap elementor-element-populated\">\n\t\t\t\t\t\t\t\t<div class=\"elementor-element elementor-element-b97ac51 elementor-widget elementor-widget-spacer\" data-id=\"b97ac51\" data-element_type=\"widget\" data-widget_type=\"spacer.default\">\n\t\t\t\t<div class=\"elementor-widget-container\">\n\t\t\t<style>\/*! elementor - v3.17.0 - 01-11-2023 *\/\n.elementor-column .elementor-spacer-inner{height:var(--spacer-size)}.e-con{--container-widget-width:100%}.e-con-inner>.elementor-widget-spacer,.e-con>.elementor-widget-spacer{width:var(--container-widget-width,var(--spacer-size));--align-self:var(--container-widget-align-self,initial);--flex-shrink:0}.e-con-inner>.elementor-widget-spacer>.elementor-widget-container,.e-con>.elementor-widget-spacer>.elementor-widget-container{height:100%;width:100%}.e-con-inner>.elementor-widget-spacer>.elementor-widget-container>.elementor-spacer,.e-con>.elementor-widget-spacer>.elementor-widget-container>.elementor-spacer{height:100%}.e-con-inner>.elementor-widget-spacer>.elementor-widget-container>.elementor-spacer>.elementor-spacer-inner,.e-con>.elementor-widget-spacer>.elementor-widget-container>.elementor-spacer>.elementor-spacer-inner{height:var(--container-widget-height,var(--spacer-size))}.e-con-inner>.elementor-widget-spacer.elementor-widget-empty,.e-con>.elementor-widget-spacer.elementor-widget-empty{position:relative;min-height:22px;min-width:22px}.e-con-inner>.elementor-widget-spacer.elementor-widget-empty .elementor-widget-empty-icon,.e-con>.elementor-widget-spacer.elementor-widget-empty .elementor-widget-empty-icon{position:absolute;top:0;bottom:0;left:0;right:0;margin:auto;padding:0;width:22px;height:22px}<\/style>\t\t<div class=\"elementor-spacer\">\n\t\t\t<div class=\"elementor-spacer-inner\"><\/div>\n\t\t<\/div>\n\t\t\t\t<\/div>\n\t\t\t\t<\/div>\n\t\t\t\t\t<\/div>\n\t\t<\/div>\n\t\t\t\t\t\t\t<\/div>\n\t\t<\/section>\n\t\t\t\t<section class=\"elementor-section elementor-top-section elementor-element elementor-element-50f3013 elementor-section-boxed elementor-section-height-default elementor-section-height-default\" data-id=\"50f3013\" data-element_type=\"section\">\n\t\t\t\t\t\t<div class=\"elementor-container elementor-column-gap-default\">\n\t\t\t\t\t<div class=\"elementor-column elementor-col-100 elementor-top-column elementor-element elementor-element-b6b5617\" data-id=\"b6b5617\" data-element_type=\"column\">\n\t\t\t<div class=\"elementor-widget-wrap elementor-element-populated\">\n\t\t\t\t\t\t\t\t<div class=\"elementor-element elementor-element-e75fc31 elementor-widget elementor-widget-text-editor\" data-id=\"e75fc31\" data-element_type=\"widget\" data-widget_type=\"text-editor.default\">\n\t\t\t\t<div class=\"elementor-widget-container\">\n\t\t\t\t\t\t\t<h5 style=\"text-align: center;\"><a href=\"https:\/\/anastasia-cusin-psychologue.fr\">RETOUR A L&#8217;ACCUEIL<\/a><\/h5>\t\t\t\t\t\t<\/div>\n\t\t\t\t<\/div>\n\t\t\t\t\t<\/div>\n\t\t<\/div>\n\t\t\t\t\t\t\t<\/div>\n\t\t<\/section>\n\t\t\t\t<section class=\"elementor-section elementor-top-section elementor-element elementor-element-c60d195 elementor-section-boxed elementor-section-height-default elementor-section-height-default\" data-id=\"c60d195\" data-element_type=\"section\">\n\t\t\t\t\t\t<div class=\"elementor-container elementor-column-gap-default\">\n\t\t\t\t\t<div class=\"elementor-column elementor-col-100 elementor-top-column elementor-element elementor-element-b4d7110\" data-id=\"b4d7110\" data-element_type=\"column\">\n\t\t\t<div class=\"elementor-widget-wrap\">\n\t\t\t\t\t\t\t\t\t<\/div>\n\t\t<\/div>\n\t\t\t\t\t\t\t<\/div>\n\t\t<\/section>\n\t\t\t\t\t\t\t<\/div>\n\t\t","protected":false},"excerpt":{"rendered":"<p>Ma pratique L\u2019 exercice en cabinet lib\u00e9ral que je d\u00e9veloppe depuis 2016 s\u2019accompagne d\u2019un travail de formation continue, notamment \u00e0 travers mon int\u00e9r\u00eat pour la Psychoboxe ( encore appel\u00e9e Th\u00e9rapie frappante, d\u00e9velopp\u00e9e par Richard Helbrunn) et ma participation aux s\u00e9minaires de Litter . Ma pratique se soutient par ailleurs d\u2019un travail personnel d\u2019analyse et de &hellip;<\/p>\n<p class=\"read-more\"> <a class=\"\" href=\"https:\/\/anastasia-cusin-psychologue.fr\/index.php\/pratique\/\"> <span class=\"screen-reader-text\">Ma pratique<\/span> Read More &raquo;<\/a><\/p>\n","protected":false},"author":1,"featured_media":0,"parent":0,"menu_order":0,"comment_status":"closed","ping_status":"closed","template":"","meta":{"site-sidebar-layout":"no-sidebar","site-content-layout":"page-builder","ast-site-content-layout":"","site-content-style":"default","site-sidebar-style":"default","ast-global-header-display":"","ast-banner-title-visibility":"","ast-main-header-display":"","ast-hfb-above-header-display":"","ast-hfb-below-header-display":"","ast-hfb-mobile-header-display":"","site-post-title":"disabled","ast-breadcrumbs-content":"","ast-featured-img":"disabled","footer-sml-layout":"","theme-transparent-header-meta":"enabled","adv-header-id-meta":"","stick-header-meta":"","header-above-stick-meta":"","header-main-stick-meta":"","header-below-stick-meta":"","astra-migrate-meta-layouts":"","footnotes":""},"class_list":["post-797","page","type-page","status-publish","hentry"],"_links":{"self":[{"href":"https:\/\/anastasia-cusin-psychologue.fr\/index.php\/wp-json\/wp\/v2\/pages\/797","targetHints":{"allow":["GET"]}}],"collection":[{"href":"https:\/\/anastasia-cusin-psychologue.fr\/index.php\/wp-json\/wp\/v2\/pages"}],"about":[{"href":"https:\/\/anastasia-cusin-psychologue.fr\/index.php\/wp-json\/wp\/v2\/types\/page"}],"author":[{"embeddable":true,"href":"https:\/\/anastasia-cusin-psychologue.fr\/index.php\/wp-json\/wp\/v2\/users\/1"}],"replies":[{"embeddable":true,"href":"https:\/\/anastasia-cusin-psychologue.fr\/index.php\/wp-json\/wp\/v2\/comments?post=797"}],"version-history":[{"count":22,"href":"https:\/\/anastasia-cusin-psychologue.fr\/index.php\/wp-json\/wp\/v2\/pages\/797\/revisions"}],"predecessor-version":[{"id":972,"href":"https:\/\/anastasia-cusin-psychologue.fr\/index.php\/wp-json\/wp\/v2\/pages\/797\/revisions\/972"}],"wp:attachment":[{"href":"https:\/\/anastasia-cusin-psychologue.fr\/index.php\/wp-json\/wp\/v2\/media?parent=797"}],"curies":[{"name":"wp","href":"https:\/\/api.w.org\/{rel}","templated":true}]}}